n + i. Let o = n + 59. What is the tens digit of o?
6
Suppose -7*z + 4*z = 9. Let h(w) = 3 - 8*w + 0*w + w. What is the units digit of h(z)?
4
Let i(o) = o**2 - 3*o + 6. Let m be i(4). Let n = m + -8. Suppose f = -b + 15, -4*f = b + n*b - 42. What is the tens digit of b?
1
Let m = -58 - -43. What is the tens digit of (-3152)/(-20) - 6/m?
5
Let x = 1865 - 851. Suppose -15*s - x = -21*s. What is the hundreds digit of s?
1
Let k(v) = -111*v**3 + 2*v**2 + 2*v + 1. Let m be -2 + 16/9 + (-35)/45. What is the units digit of k(m)?
2
Let b be (-27)/(-9) + 2/2. Suppose b*i = l - 2*l + 13, -5*i = 5*l - 20. What is the units digit of ((-52)/(-6))/(l/3)?
6
Let s = 357 + -28. What is the units digit of s?
9
Let j(c) = 50*c + 10. Let z be j(4). Suppose z = 4*p - l, -2*l - 52 - 50 = -2*p. What is the units digit of p?
3
Let a(u) = -17*u - 98. What is the hundreds digit of a(-21)?
2
Let j = -22 + -5. Let f = -19 - j. What is the tens digit of (32/10)/(f/100)?
4
Suppose -z + 404 = -3*q, -551 + 143 = -z + 2*q. What is the hundreds digit of z?
4
Let m = 4288 - 1825. What is the tens digit of m?
6
Suppose 10*w + 256 = 14*w. What is the units digit of w?
4
Let w be 54/(11/4 - 2). Suppose 10*y - 7*y - w = 0. Suppose -35 - y = -m. What is the units digit of m?
9
Suppose 78480 = -24*i + 40*i. What is the hundreds digit of i?
9
Let k = 19 - -3. Let q = k - 4. Suppose -4*y + 3*y + q = 0. What is the units digit of y?
8
Let l(p) = 18*p**2 + 10*p - 7. What is the units digit of l(-4)?
1
Suppose 0 = 3*a + s - 5*s, 5*s = 3*a. Suppose r = h + 213, 4*r = -a*h - 3*h + 845. What is the hundreds digit of r?
2
Suppose -387 = -4*w + 5. Suppose -7*a + 3*o + w = -2*a, -74 = -3*a - 2*o. What is the tens digit of a?
2
Let q = 3 - 1. Let w(s) = -7 + s**q + 7*s**2 + 15*s - s**3 - 19*s. What is the tens digit of w(7)?
1
Let q be (3 - 4) + (-1 - -4). Suppose -17 = -3*k - q. What is the units digit of k?
5
Let o(c) = -2*c**2 + 1. Suppose z - 3*l + 15 = -6*l, 0 = -5*z + 5*l + 25. What is the units digit of o(z)?
1
Let z = 9124 + -5880. What is the thousands digit of z?
3
Suppose 9*f = 8*f - 5. Let b = f + 39. Suppose b + 64 = 2*q. What is the tens digit of q?
4
Let r = -21 + 123. What is the hundreds digit of r?
1
Let w be 1572*(6/8 - 56/(-96)). Suppose 24*a - 8*a - w = 0. What is the hundreds digit of a?
1
Let t = -848 - -1287. What is the hundreds digit of t?
4
Let s = -149 + 260. Let t = -102 + s. What is the units digit of t?
9
Suppose 3*x = 3*p - 504, 3*p + x - 313 = 171. What is the tens digit of p?
6
Let l(k) = 15*k + 20. Let x be l(11). Suppose -4*h = 4*s - 384, s - 199 = -4*h + x. What is the tens digit of h?
9
Suppose -3*r = -5*i + 612, i + 4 = -5*r + 132. Suppose -5*d = 4*h - 0*d - 82, 5*h - 4*d = i. What is the units digit of h?
3
What is the units digit of (6/(2*-12))/(7/(-118412))?
9
Let m(c) = c**2 + 11*c + 15. Let i be m(-10). Let t be ((-8)/(-2) - i)*0. Suppose t*n = -n + 5. What is the units digit of n?
5
Let q(g) = -g**2 + 2*g + 2. Let d be q(0). Suppose d*x + 7 + 13 = 0. What is the units digit of (-1)/(-5) + (-318)/x?
2
Let v(y) = y**3 + 9*y**2 + 7*y - 3. Suppose 2*n + 0*n - 2*o = -4, o - 10 = -3*n. Let i be (n/(-3))/(4/48). What is the units digit of v(i)?
5
Let t(z) = z**3 - 2*z**2 - 28*z + 51. What is the tens digit of t(14)?
1
Let h(w) = -15*w - 20. Suppose -3*v - 5*g - 2 = 1, v + 3 = -g. What is the tens digit of h(v)?
7
Let t(v) = 6 - 4 + 3*v**2 - 2*v**2 + 9*v + 10. Let n(j) = j**3 - 4*j**2 - j + 2. Let h be n(3). What is the tens digit of t(h)?
2
Let g = -78 + 81. What is the tens digit of (g/(-2) + 4)/(2/132)?
6
Let k(z) = -4*z**3 + 8*z**2 + z - 1. Let g(d) = 2*d**3 - 4*d**2. Let m(a) = 5*g(a) + 2*k(a). Let i be m(3). Let n = i - 12. What is the units digit of n?
0
Suppose -4*l - 2*p + 890 = 0, -2*l = -p - 3*p - 470. Suppose 116*a = 119*a - 468. Suppose 3*g - a = 2*s - 41, -5*s + l = 5*g. What is the units digit of g?
1
Suppose -15123 - 5495 = -13*h. What is the hundreds digit of h?
5
Let q(h) = h**3 + 9*h**2 + 6*h - 11. Let y be 1/(-6)*-16*-3. Let u be q(y). Let b = u - -26. What is the tens digit of b?
3
Let s = -7 - -11. Suppose 4*m - 5*v = 180, v = -s*m + 9 + 147. Suppose 3*t - m + 7 = 0. What is the tens digit of t?
1
Let t be (-3 - -6) + 255/(-5). Let o be (2 + 0 - 0)*43. Let n = t + o. What is the tens digit of n?
3
Let s(o) = 6*o - 14. Let j be s(-14). Let n = 17 - j. What is the units digit of n?
5
Suppose 0*y - 3*y + 2*b + 8 = 0, 0 = 2*y + 2*b + 8. Suppose y*r = r. Suppose r = -4*c + 21 + 19. What is the units digit of c?
0
Let v(i) = i + 1. Let w(c) = 388*c + 485. Let y(b) = 485*v(b) - w(b). What is the units digit of y(1)?
7
What is the units digit of (-4)/((((-12)/(-78))/2)/(-13))?
6
Suppose 3*q - 550 = -m, -3*m - 4*q + 1655 = -0*m. What is the hundreds digit of m?
5
What is the tens digit of (-41 - -40)/((-1)/1339)?
3
Let t(p) be the first derivative of -p**4/4 + 23*p + 17. What is the units digit of t(0)?
3
Let i = 295 + -142. Let v = -29 + i. What is the tens digit of v?
2
Let g(z) = 2*z + 24. Let v be g(-10). Suppose 2*t - 10 = -t - x, -2*t = v*x + 10. What is the units digit of t?
5
What is the hundreds digit of 19687/31 - (-60)/(-930)?
6
Let p = -3 + -1. Let r be (2 + 12/p)*-2. Suppose -a - 2*a + 5*t = -115, -r*a + t + 72 = 0. What is the tens digit of a?
3
Let p be (-1)/(-14)*-2 - (-2796)/21. Let r = p + -100. What is the tens digit of r?
3
Let g(c) = -11*c + 11. Suppose 2*a + 2 = -8. Let j be g(a). Suppose 4*d - d - j = 0. What is the tens digit of d?
2
Suppose 1859 = 2*i - 6*o + 9*o, 5*i = o + 4622. What is the units digit of i?
5
Suppose 3*w - k = 16 + 1, 5*k + 1 = w. Suppose 2*h + w = 3*s, 4*s = 6*h - 3*h + 8. Suppose -s*b - 3*b = 5, b = -2*x + 39. What is the tens digit of x?
2
Suppose 17*q = 7*q + 200. What is the units digit of (q/70 - 24/35)*-325?
0
Suppose -3*n + 13 = -0*w + w, n = -5. Let b be 34*(w/8 + -3). Suppose s + 2*q = -0*q + b, 3*s - 45 = -3*q. What is the tens digit of s?
1
Let x(t) = t**3 + 6*t**2 + 2*t + 5. Let w be x(-5). Suppose 6*r = r + w. Suppose -c = -0*c - 2*g - 8, -r*g + 44 = 3*c. What is the units digit of c?
2
Let o = 25 - -15. Suppose o - 336 = -4*y. What is the tens digit of y?
7
Let p(s) = 103*s - 2. Let v be p(6). Suppose -u - v = -8*u. What is the units digit of u?
8
Let d = -2 + -3. Let z be ((-24)/20)/(2/d). Suppose -z*o - o + 36 = 0. What is the units digit of o?
9
Let s be 0 + -1 + -9 + 258. Suppose -3*t - 5*u + s = 0, 9*t - 7*t - 4*u - 202 = 0. What is the units digit of t?
1
Suppose -2*x - 2*o - 340 = -4*x, -316 = -2*x - 4*o. Suppose -4*q = -x - 90. What is the units digit of q?
4
Let f(s) = -13*s**3 + 8 + 5 + 14*s**3 + 19*s**2 - 2 - 22*s. What is the units digit of f(-20)?
1
Let m(b) = 3*b**2 - 13*b + 6. Let a be m(9). Let d = a + -65. What is the units digit of d?
7
Let q(j) = 12*j**2 + 4*j - 7. Let o be q(-8). What is the tens digit of o/6 - ((-5)/(-2) + -2)?
2
Let m be 2 + (0 - (3 - 1)). Suppose 10 = 5*r - m. Suppose -5*k = 20, r*l - k + 0*k - 40 = 0. What is the tens digit of l?
1
Suppose 16*o - 6072 = -6*o. Suppose 2*i - 5*i - 2 = 4*l, 5*i + 4*l = -6. What is the units digit of (o/(-16))/(i/8)?
9
Let m = -2248 - -3276. What is the units digit of m?
8
Suppose 2*v + u = -3*v + 67, 4*u = -12. Let t(h) be the second derivative of h**4/12 - 13*h**3/6 + 8*h**2 + 46*h. What is the tens digit of t(v)?
3
Suppose -39*l = -42*l + 1755. What is the hundreds digit of l?
5
Let g = -69 + 41. What is the tens digit of 132/g + 5 + (-698)/(-7)?
0
Suppose 0 = -2*r + 5*p + 29 - 8, -4*p - 15 = -r. Let q(f) = 2 + 4*f + 7*f - 1. What is the tens digit of q(r)?
3
Let v(l) = -2*l**2 - 9*l - 1. Let z be v(-4). Suppose 5*a + 8 = z*r + 31, 4*a - 8 = 5*r. What is the units digit of a?
7
Suppose -28*a = a - 20184. What is the tens digit of a?
9
What is the units digit of 5/(20/(-416))*-4?
6
Let p(z) = z**2 - 5*z + 4. Let b be p(4). Suppose b*a = a - 4. Suppose a*d - 5*m = 57, -18 = -5*d + 4*m + 42. What is the units digit of d?
8
Let z = -1111 - -1229. What is the tens digit of z?
1
Let l be 1*(1 - (10 + -2)). Let i = l - -25. Suppose -5*h + 30 = q, 2*q - 42 = -4*h + i. What is the tens digit of q?
3
Let t = 15 - 15. Suppose -3*y + 16 + 179 = t. Let a = y + 1. What is the tens digit of a?
6
Suppose -14*f + 11*f = -6. Su